= 8*x. What is the tens digit of x?
2
Suppose 3*n = -4*a + 4812 + 1577, -n = -4*a + 6393. What is the tens digit of a?
9
Let l(a) = 130*a**2 - a + 19. What is the hundreds digit of l(4)?
0
Let w = 151 + -28. Suppose 5*r = 9*r - 16. Suppose -w = -r*t + t. What is the units digit of t?
1
Let m = 215 + -523. Let o = m + 1298. What is the tens digit of (-1)/(-3) + o/27?
3
Let x be (-1445)/(-25) + (12/15)/4. Let y be 3/(-6)*2 - -6. Suppose -y*k + x = -3*k. What is the units digit of k?
9
Let c(p) = 2*p - 19. Suppose -b = -3*b + 5*l + 26, -b - l = -13. Let t be c(b). Suppose -k = -t*k + 414. What is the tens digit of k?
6
Let g = 3247 - 538. What is the units digit of 8/3*g/84?
6
Let g = -64 + 94. Suppose -4*d = 5 - 17, -2*q - 53 = d. Let k = q + g. What is the units digit of k?
2
Suppose f - 2*f = k + 11, 4*k - 2*f + 68 = 0. What is the tens digit of (-834)/k + (-3)/((-15)/2)?
5
What is the hundreds digit of (0 + -3)/(36/(-5448))?
4
Suppose 3*x + l - 350 = 191, 5*l = x - 159. What is the hundreds digit of x?
1
Let l(s) = 4*s - 12. Let j be l(3). Suppose j = -2*v + v + 108. What is the hundreds digit of v?
1
Let p(z) = -z**3 - 14*z**2 - 13*z - 11. Let x be p(-13). What is the units digit of (-4)/(-22) + (-581)/x?
3
Suppose 11 = -5*s - 39. Let g(t) = t**3 + 9*t**2 - 9*t + 4. Let m be g(s). Let w(k) = -k - 3. What is the units digit of w(m)?
3
Let x(j) be the third derivative of -3*j**6/40 - j**5/20 + j**3 + 10*j**2. What is the units digit of x(-3)?
2
Suppose 2*y - 3434 = 4*h - 54, 4*y - 6780 = 4*h. What is the hundreds digit of y?
7
Let a = -2732 - -4437. What is the tens digit of a?
0
Let w(v) = -4*v + 19. Let a be w(4). Suppose -230 = -r + i, 0 = r + a*i - 5*i - 225. What is the tens digit of r?
3
What is the tens digit of (-15)/(180/24) - (-1521 - -2)?
1
Let o = -6 + 173. What is the units digit of o?
7
Let v(u) = -21*u + 25. Let b be -18*(-5 + 32/6). What is the tens digit of v(b)?
5
Suppose -2*w = 5*h - 90, -5*h + 10*w = 5*w - 55. Suppose 3*k - h - 8 = 0. What is the units digit of 6/(-4)*k/(-3)?
4
Suppose -18*t + 15*t = -2847. What is the units digit of t?
9
Suppose -3*c - 7*r + 525 = -4*r, 0 = -c + 2*r + 181. What is the units digit of c?
7
Let a(w) = -11*w - 11. Let r be a(-4). Suppose 5 = -4*l + r. What is the units digit of l?
7
Let q(y) = -y + 26. Let f(z) = -z**3 + 11*z**2 - 2*z + 8. Let p be f(11). What is the units digit of q(p)?
0
Let f be 6/(-30) - 746/(-5). Let p = f + -101. What is the tens digit of p?
4
Let j = -1647 - -2315. What is the units digit of j?
8
Suppose 0 = 5*h + 3*h - 38752. What is the thousands digit of h?
4
Let p = -28 - -17. Let x be (-33)/p*163/3. Suppose -x = 6*w - 451. What is the tens digit of w?
4
Suppose -5*n + 674 = -2*h, 0*n + 4*h = -3*n + 394. Suppose -x - 259 = -4*u, -2*u + n = x + 3*x. What is the tens digit of u?
6
Suppose 4*i + 23 = -25. Let h = i + 24. Suppose -18 - h = -2*g. What is the units digit of g?
5
Suppose -z = 4*b - 22, 2 = b - 3. What is the tens digit of 128/5 + z/5?
2
Let k(v) = v**3 - 9*v**2 + 9*v + 2. Let t be k(8). Let q(b) = -b**2 + 9*b + 12. Let a be q(t). Suppose z = a*z - 13. What is the units digit of z?
3
Suppose -c - 25 = 4*x, x - 27*c + 26*c = 0. Let s(k) be the second derivative of k**4/12 + k**3/6 + 9*k**2/2 + k. What is the tens digit of s(x)?
2
Let x = 95 - 90. Suppose m = -x, 4*j - j = 5*m + 289. What is the tens digit of j?
8
Let r = -1005 + 1599. What is the tens digit of r?
9
Let g(j) = -j + 1. Let p be g(-9). Let s(k) = -k**2 + 10*k + 2. Let v be s(p). Suppose -2*u + i + 7 = 0, v*u + i = -2*u + 11. What is the units digit of u?
3
Let z = 52 + -57. Let k(o) = -47*o - 21. What is the units digit of k(z)?
4
Let v be (2/4)/(3/(-12)). Let m(o) = -o**2 - 5*o - 4. Let d be m(-5). What is the units digit of ((-21)/(-6))/(v/d)?
7
Suppose -3 + 28 = 5*v. Suppose 7*h - 4*l + v = 2*h, 4*l = h + 17. Suppose 0 = -5*o - h*k + 40, o - 10 + 2 = 3*k. What is the units digit of o?
8
Suppose -98 + 408 = t. Let h = t - 443. Let r = -88 - h. What is the tens digit of r?
4
Let b = 1762 + -1249. What is the tens digit of b?
1
Let d(f) = f - 5. Let a(p) = -p**2 + 5*p + 3. Let r be a(4). Let t be d(r). Suppose 4*y + 2 = t*k - 16, -3*k + 55 = y. What is the units digit of k?
7
Suppose -2*u + 3 = -2*j - 53, -u = -2*j - 29. What is the units digit of (-5 + 4)*u*2/(-6)?
9
Let l(a) = a**2 - 3*a - 78. What is the hundreds digit of l(18)?
1
Suppose 5*v + 2*q + 1 = 0, 0 = -5*v - 6*q + 7*q + 8. Let a be ((-4)/(-6))/(2/39). Let u = a - v. What is the tens digit of u?
1
Let x be (0*(-5)/20)/(-1). What is the tens digit of 98 + 2 + -3 + x?
9
What is the tens digit of (162/12)/((-2)/(-20))?
3
Let q(k) = 4*k**3 + 2*k**2 + 5*k - 8. What is the hundreds digit of q(3)?
1
Let f be (-6)/36 + 62/12. Suppose -f*u = 32 + 3. What is the tens digit of (u - -10)*(-21)/(-1)?
6
What is the tens digit of (-2 - 5112/(-54))/((-2)/(-27))?
5
Let d(v) = v**3 - 6*v**2 - 7*v + 5. What is the tens digit of d(8)?
7
Suppose 360 = q - 934. What is the hundreds digit of q?
2
Suppose -2*o + 15 = 5*j, -2*j + 4*j = -3*o - 5. Let d(p) = -13*p - 10. What is the units digit of d(o)?
5
Let i be 1362/8 + (-8)/32. What is the tens digit of (i/(-25) - 0)*-10?
6
Let g(x) = -22 + x + 3*x - 2*x + 30. What is the tens digit of g(2)?
1
Let x(u) = u**3 - 9*u**2 + 4*u + 13. Let t be x(9). Let a = t + -20. What is the tens digit of a?
2
Let u = -108 + -12. What is the hundreds digit of (216/15)/(4/u*-3)?
1
Let r = 12 - 8. Suppose -r*q = -6*q. Suppose q*f = -5*f + 70. What is the units digit of f?
4
Suppose -m + 0 = -5. Suppose 0 = m*k - 1319 - 51. What is the tens digit of k?
7
Let w(c) = 239*c - 10. What is the hundreds digit of w(1)?
2
Let q = -3 + -8. Suppose -2*p - 14 = 2. Let j = p - q. What is the units digit of j?
3
Let n be -4 + (1 - (-13 + 5)). Suppose 2*p + 2 = 0, -2*f + p - 4*p - 141 = 0. What is the units digit of (54/n)/(f/(-230))?
6
Let q(f) be the third derivative of -f**4/4 - f**3/6 + 2*f**2. Let w(c) = 5*c - 37. Let l be w(7). What is the units digit of q(l)?
1
Suppose 7*w - 3303 = 4621. What is the tens digit of w?
3
Let d(z) = 50*z + 3. Let x(y) = y**2 + 6*y + 3. Let o be x(-6). Suppose -5*p + 14 = -o*l, 4*p = p + l + 6. What is the units digit of d(p)?
3
Let l be (35/49)/((-2)/(-14)). What is the tens digit of (-20*1)/(l/(-50))?
0
Let l(f) = 3*f + 22 + 17 - 51 + 20. Let x = 18 + -9. What is the units digit of l(x)?
5
Let l(k) = -k**3 - 2*k**2 + 6*k + 9. Let y be l(-3). Suppose -i - n + 110 = -0*n, y = -i - 5*n + 102. What is the units digit of i?
2
What is the hundreds digit of (3 - -1083)/(-1 - (3 + -6))?
5
Let t(x) be the first derivative of -x**4/4 - 8*x**3/3 + 9*x**2/2 - 5. Let v be t(-9). Suppose 3*w = -v*w + 78. What is the units digit of w?
6
Let l = 68 + -65. Suppose -3*r - 2*r + 980 = -3*j, j = -l*r + 602. What is the units digit of r?
9
Suppose 0 = 11*z - 31277 + 12071. What is the units digit of z?
6
Suppose 2*y + 133 = -5*y. Let u = 133 + y. What is the tens digit of u?
1
Let f be 88/(-66)*(-6)/4. What is the tens digit of 1/f*-6 - -29?
2
Suppose d - 2*d + 22 = 5*y, y - 4 = 0. Suppose 5*c + 224 = -0*c + 2*b, 5*c = -d*b - 216. Let i = c - -75. What is the units digit of i?
1
Let a = -377 - -410. What is the tens digit of a?
3
What is the tens digit of (-117)/(-6)*(-1)/((-18)/204)?
2
Let w(g) = -g**3 + 2*g**2 + 3*g - 3. Let a = 2 - -1. Let u be w(a). Let c = u - -4. What is the units digit of c?
1
Let d be 6/2 + -1 + 2. Let q(z) = -d*z + 1 + 2*z**3 - 6 - 3*z - 4*z**2 + 4*z. What is the units digit of q(4)?
7
Let c(v) = -2*v - 2. Let o be 3*1 + (0 - 3). Suppose -4*r + r - 24 = o. What is the tens digit of c(r)?
1
Let p = 1518 + -963. What is the hundreds digit of p?
5
Let k(d) = -4*d**3 + 20*d**2 - 8*d - 13. What is the units digit of k(-7)?
5
Let u(n) = -n**2 + n + 6. Let b be u(3). Suppose 4*m - 799 = -b*m - k, -4*k = 4. What is the tens digit of m?
0
Suppose 4*j = s - 3, -2*s + 4*s = 2*j - 6. Let v be -1 - j - (0 - -8). What is the units digit of (96/28)/((-1)/v)?
4
Let j = 11 + -16. Let w = -25 - j. What is the tens digit of (-532)/w + 6/(-10)?
2
Let o = 2919 + 766. What is the thousands digit of o?
3
Let k(h) = -h**2 - 10*h - 25. Let i be k(-5). What is the hundreds digit of ((-6)/(-6) - i)/(2/404)?
2
Let x(s) = 